{"id":51,"date":"2025-08-25T10:25:12","date_gmt":"2025-08-25T09:25:12","guid":{"rendered":"https:\/\/kamservice.fr\/?page_id=51"},"modified":"2025-09-02T09:58:37","modified_gmt":"2025-09-02T08:58:37","slug":"mentions-legales","status":"publish","type":"page","link":"https:\/\/kamservice.fr\/index.php\/mentions-legales\/","title":{"rendered":"Mentions l\u00e9gales"},"content":{"rendered":"\n<h1 class=\"wp-block-heading\">Mentions l\u00e9gales<\/h1>\n\n\n\n<p>Conform\u00e9ment aux dispositions des articles 6-III et 19 de la Loi n\u00b02004-575 du 21 juin 2004 pour la Confiance dans l&rsquo;\u00c9conomie Num\u00e9rique (LCEN), il est port\u00e9 \u00e0 la connaissance des utilisateurs du site www.kamservice.fr les pr\u00e9sentes mentions l\u00e9gales.<\/p>\n\n\n\n<h2 class=\"wp-block-heading\">1. \u00c9diteur du site<\/h2>\n\n\n\n<ul class=\"wp-block-list\">\n<li><strong>Nom de l\u2019entreprise<\/strong> : KamService (POULET Vincent)<\/li>\n\n\n\n<li><strong>Forme juridique<\/strong> : EI<\/li>\n\n\n\n<li><strong>Si\u00e8ge social<\/strong> : 13 route de l&rsquo;ouzy 37130 Langeais<\/li>\n\n\n\n<li><strong>SIREN<\/strong> : 989843289<\/li>\n\n\n\n<li><strong>Num\u00e9ro de TVA intracommunautaire<\/strong> : <em>TVA non applicable, art. 293 B du Code g\u00e9n\u00e9ral des imp\u00f4ts<\/em><\/li>\n\n\n\n<li><strong>Contact<\/strong> : contact@kamservice.fr <\/li>\n<\/ul>\n\n\n\n<h2 class=\"wp-block-heading\">2. H\u00e9bergeur du site<\/h2>\n\n\n\n<ul class=\"wp-block-list\">\n<li><strong>H\u00e9bergeur<\/strong> : OVH SAS<\/li>\n\n\n\n<li><strong>Si\u00e8ge social<\/strong> : 2 rue Kellermann, 59100 Roubaix \u2013 France<\/li>\n\n\n\n<li><strong>T\u00e9l\u00e9phone<\/strong> : 1007 (appel gratuit depuis une ligne fixe en France)<\/li>\n\n\n\n<li><strong>Site web<\/strong> : https:\/\/www.ovh.com <\/li>\n<\/ul>\n\n\n\n<h2 class=\"wp-block-heading\">3. Propri\u00e9t\u00e9 intellectuelle<\/h2>\n\n\n\n<p>Le contenu du site (textes, images, graphismes, logo, ic\u00f4nes, etc.) est la propri\u00e9t\u00e9 exclusive de KamService, sauf mention contraire. Toute reproduction, distribution, modification, adaptation, retransmission ou publication, m\u00eame partielle, de ces diff\u00e9rents \u00e9l\u00e9ments est strictement interdite sans l&rsquo;accord \u00e9crit de l&rsquo;entreprise.<\/p>\n\n\n\n<h2 class=\"wp-block-heading\">4. Donn\u00e9es personnelles<\/h2>\n\n\n\n<p>Conform\u00e9ment au R\u00e8glement G\u00e9n\u00e9ral sur la Protection des Donn\u00e9es (RGPD \u2013 R\u00e8glement UE 2016\/679), nous vous informons des \u00e9l\u00e9ments suivants :<\/p>\n\n\n\n<h4 class=\"wp-block-heading\">4.1 <strong>Responsable de traitement \/ D\u00e9l\u00e9gu\u00e9 \u00e0 la protection des donn\u00e9es (DPO)<\/strong><\/h4>\n\n\n\n<p>Soci\u00e9t\u00e9 : KamService<br>DPO : POULET Vincent<br>Email : contact@kamservice.fr<\/p>\n\n\n\n<hr class=\"wp-block-separator has-alpha-channel-opacity\"\/>\n\n\n\n<h4 class=\"wp-block-heading\">4.2 <strong>Finalit\u00e9 poursuivie par le traitement<\/strong><\/h4>\n\n\n\n<p>Les donn\u00e9es personnelles collect\u00e9es via le site sont utilis\u00e9es uniquement dans le but suivant : Gestion des demandes de contact ou de renseignement<\/p>\n\n\n\n<hr class=\"wp-block-separator has-alpha-channel-opacity\"\/>\n\n\n\n<h4 class=\"wp-block-heading\">4.3 <strong>Destinataires des donn\u00e9es personnelles<\/strong><\/h4>\n\n\n\n<p>Les donn\u00e9es collect\u00e9es sont destin\u00e9es uniquement aux services internes de KamService et, le cas \u00e9ch\u00e9ant, \u00e0 ses prestataires techniques (h\u00e9bergeur, d\u00e9veloppeur web, solution d&#8217;emailing, etc.), dans la limite n\u00e9cessaire \u00e0 la r\u00e9alisation des finalit\u00e9s mentionn\u00e9es ci-dessus.<br>Aucune donn\u00e9e personnelle n\u2019est vendue ou c\u00e9d\u00e9e \u00e0 des tiers.<\/p>\n\n\n\n<hr class=\"wp-block-separator has-alpha-channel-opacity\"\/>\n\n\n\n<h4 class=\"wp-block-heading\">4.4 <strong>Dur\u00e9e de conservation des donn\u00e9es personnelles<\/strong><\/h4>\n\n\n\n<p>Les donn\u00e9es sont conserv\u00e9es pendant une dur\u00e9e strictement n\u00e9cessaire \u00e0 la r\u00e9alisation des finalit\u00e9s pour lesquelles elles sont collect\u00e9es, soit : Donn\u00e9es de contact : 3 ans \u00e0 compter du dernier \u00e9change<\/p>\n\n\n\n<hr class=\"wp-block-separator has-alpha-channel-opacity\"\/>\n\n\n\n<h4 class=\"wp-block-heading\">4.5 <strong>Droits de l\u2019internaute<\/strong><\/h4>\n\n\n\n<p>Conform\u00e9ment aux articles 15 \u00e0 22 du RGPD, vous disposez des droits suivants sur vos donn\u00e9es personnelles :<\/p>\n\n\n\n<ul class=\"wp-block-list\">\n<li>Droit d\u2019acc\u00e8s<\/li>\n\n\n\n<li>Droit de rectification<\/li>\n\n\n\n<li>Droit \u00e0 l\u2019effacement (\u00ab droit \u00e0 l\u2019oubli \u00bb)<\/li>\n\n\n\n<li>Droit \u00e0 la limitation du traitement<\/li>\n\n\n\n<li>Droit d\u2019opposition<\/li>\n\n\n\n<li>Droit \u00e0 la portabilit\u00e9 des donn\u00e9es<\/li>\n\n\n\n<li>Droit de retirer votre consentement \u00e0 tout moment (lorsque le traitement repose sur le consentement)<\/li>\n<\/ul>\n\n\n\n<p>Pour exercer vos droits, vous pouvez contacter le DPO \u00e0 l\u2019adresse suivante : contact@kamservice.fr<\/p>\n\n\n\n<hr class=\"wp-block-separator has-alpha-channel-opacity\"\/>\n\n\n\n<h4 class=\"wp-block-heading\">4.6 <strong>Droit d\u2019introduire une r\u00e9clamation aupr\u00e8s de la CNIL<\/strong><\/h4>\n\n\n\n<p>Si vous estimez, apr\u00e8s nous avoir contact\u00e9s, que vos droits \u00ab Informatique et Libert\u00e9s \u00bb ne sont pas respect\u00e9s, vous pouvez adresser une r\u00e9clamation \u00e0 la CNIL (Commission Nationale de l\u2019Informatique et des Libert\u00e9s) : www.cnil.fr <\/p>\n\n\n\n<h2 class=\"wp-block-heading\">5. Cookies<\/h2>\n\n\n\n<p>Ce site n\u2019utilise aucun cookie publicitaire ni traceur \u00e0 des fins de ciblage commercial ou de revente des donn\u00e9es.<\/p>\n\n\n\n<h2 class=\"wp-block-heading\">6. Responsabilit\u00e9<\/h2>\n\n\n\n<p>L\u2019\u00e9diteur du site s\u2019efforce de fournir des informations aussi pr\u00e9cises que possible. Toutefois, il ne pourra \u00eatre tenu responsable des omissions, inexactitudes ou carences dans la mise \u00e0 jour, qu\u2019elles soient de son fait ou du fait des tiers partenaires.<\/p>\n\n\n\n<h2 class=\"wp-block-heading\">7. Droit applicable<\/h2>\n\n\n\n<p>Les pr\u00e9sentes mentions l\u00e9gales sont r\u00e9gies par le droit fran\u00e7ais. En cas de litige, et \u00e0 d\u00e9faut de r\u00e9solution amiable, les tribunaux comp\u00e9tents seront ceux du ressort du si\u00e8ge social de l\u2019entreprise.<\/p>\n\n\n\n<p><\/p>\n","protected":false},"excerpt":{"rendered":"<p>Mentions l\u00e9gales Conform\u00e9ment aux dispositions des articles 6-III et 19 de la Loi n\u00b02004-575 du 21 juin 2004 pour la [&hellip;]<\/p>\n","protected":false},"author":1,"featured_media":0,"parent":0,"menu_order":0,"comment_status":"closed","ping_status":"closed","template":"","meta":{"site-sidebar-layout":"default","site-content-layout":"","ast-site-content-layout":"default","site-content-style":"default","site-sidebar-style":"default","ast-global-header-display":"","ast-banner-title-visibility":"","ast-main-header-display":"","ast-hfb-above-header-display":"","ast-hfb-below-header-display":"","ast-hfb-mobile-header-display":"","site-post-title":"disabled","ast-breadcrumbs-content":"","ast-featured-img":"","footer-sml-layout":"","theme-transparent-header-meta":"","adv-header-id-meta":"","stick-header-meta":"","header-above-stick-meta":"","header-main-stick-meta":"","header-below-stick-meta":"","astra-migrate-meta-layouts":"default","ast-page-background-enabled":"default","ast-page-background-meta":{"desktop":{"background-color":"var(--ast-global-color-5)","background-image":"","background-repeat":"repeat","background-position":"center center","background-size":"auto","background-attachment":"scroll","background-type":"","background-media":"","overlay-type":"","overlay-color":"","overlay-opacity":"","overlay-gradient":""},"tablet":{"background-color":"","background-image":"","background-repeat":"repeat","background-position":"center center","background-size":"auto","background-attachment":"scroll","background-type":"","background-media":"","overlay-type":"","overlay-color":"","overlay-opacity":"","overlay-gradient":""},"mobile":{"background-color":"","background-image":"","background-repeat":"repeat","background-position":"center center","background-size":"auto","background-attachment":"scroll","background-type":"","background-media":"","overlay-type":"","overlay-color":"","overlay-opacity":"","overlay-gradient":""}},"ast-content-background-meta":{"desktop":{"background-color":"var(--ast-global-color-4)","background-image":"","background-repeat":"repeat","background-position":"center center","background-size":"auto","background-attachment":"scroll","background-type":"","background-media":"","overlay-type":"","overlay-color":"","overlay-opacity":"","overlay-gradient":""},"tablet":{"background-color":"var(--ast-global-color-4)","background-image":"","background-repeat":"repeat","background-position":"center center","background-size":"auto","background-attachment":"scroll","background-type":"","background-media":"","overlay-type":"","overlay-color":"","overlay-opacity":"","overlay-gradient":""},"mobile":{"background-color":"var(--ast-global-color-4)","background-image":"","background-repeat":"repeat","background-position":"center center","background-size":"auto","background-attachment":"scroll","background-type":"","background-media":"","overlay-type":"","overlay-color":"","overlay-opacity":"","overlay-gradient":""}},"footnotes":""},"class_list":["post-51","page","type-page","status-publish","hentry"],"yoast_head":"<!-- This site is optimized with the Yoast SEO plugin v25.8 - https:\/\/yoast.com\/wordpress\/plugins\/seo\/ -->\n<title>Mentions l\u00e9gales - KamService<\/title>\n<meta name=\"description\" content=\"Bienvenue sur le site de Kamservice, l\u2019expertise informatique au service de votre m\u00e9tier, sur les zones de Langeais (37130) et Tours (37000)\" \/>\n<meta name=\"robots\" content=\"index, follow, max-snippet:-1, max-image-preview:large, max-video-preview:-1\" \/>\n<link rel=\"canonical\" href=\"https:\/\/kamservice.fr\/index.php\/mentions-legales\/\" \/>\n<meta property=\"og:locale\" content=\"fr_FR\" \/>\n<meta property=\"og:type\" content=\"article\" \/>\n<meta property=\"og:title\" content=\"Mentions l\u00e9gales - KamService\" \/>\n<meta property=\"og:description\" content=\"Bienvenue sur le site de Kamservice, l\u2019expertise informatique au service de votre m\u00e9tier, sur les zones de Langeais (37130) et Tours (37000)\" \/>\n<meta property=\"og:url\" content=\"https:\/\/kamservice.fr\/index.php\/mentions-legales\/\" \/>\n<meta property=\"og:site_name\" content=\"KamService\" \/>\n<meta property=\"article:modified_time\" content=\"2025-09-02T08:58:37+00:00\" \/>\n<meta name=\"twitter:card\" content=\"summary_large_image\" \/>\n<meta name=\"twitter:label1\" content=\"Dur\u00e9e de lecture estim\u00e9e\" \/>\n\t<meta name=\"twitter:data1\" content=\"3 minutes\" \/>\n<script type=\"application\/ld+json\" class=\"yoast-schema-graph\">{\"@context\":\"https:\/\/schema.org\",\"@graph\":[{\"@type\":\"WebPage\",\"@id\":\"https:\/\/kamservice.fr\/index.php\/mentions-legales\/\",\"url\":\"https:\/\/kamservice.fr\/index.php\/mentions-legales\/\",\"name\":\"Mentions l\u00e9gales - KamService\",\"isPartOf\":{\"@id\":\"https:\/\/kamservice.fr\/#website\"},\"datePublished\":\"2025-08-25T09:25:12+00:00\",\"dateModified\":\"2025-09-02T08:58:37+00:00\",\"description\":\"Bienvenue sur le site de Kamservice, l\u2019expertise informatique au service de votre m\u00e9tier, sur les zones de Langeais (37130) et Tours (37000)\",\"breadcrumb\":{\"@id\":\"https:\/\/kamservice.fr\/index.php\/mentions-legales\/#breadcrumb\"},\"inLanguage\":\"fr-FR\",\"potentialAction\":[{\"@type\":\"ReadAction\",\"target\":[\"https:\/\/kamservice.fr\/index.php\/mentions-legales\/\"]}]},{\"@type\":\"BreadcrumbList\",\"@id\":\"https:\/\/kamservice.fr\/index.php\/mentions-legales\/#breadcrumb\",\"itemListElement\":[{\"@type\":\"ListItem\",\"position\":1,\"name\":\"Accueil\",\"item\":\"https:\/\/kamservice.fr\/\"},{\"@type\":\"ListItem\",\"position\":2,\"name\":\"Mentions l\u00e9gales\"}]},{\"@type\":\"WebSite\",\"@id\":\"https:\/\/kamservice.fr\/#website\",\"url\":\"https:\/\/kamservice.fr\/\",\"name\":\"KamService\",\"description\":\"\",\"potentialAction\":[{\"@type\":\"SearchAction\",\"target\":{\"@type\":\"EntryPoint\",\"urlTemplate\":\"https:\/\/kamservice.fr\/?s={search_term_string}\"},\"query-input\":{\"@type\":\"PropertyValueSpecification\",\"valueRequired\":true,\"valueName\":\"search_term_string\"}}],\"inLanguage\":\"fr-FR\"}]}<\/script>\n<!-- \/ Yoast SEO plugin. -->","yoast_head_json":{"title":"Mentions l\u00e9gales - KamService","description":"Bienvenue sur le site de Kamservice, l\u2019expertise informatique au service de votre m\u00e9tier, sur les zones de Langeais (37130) et Tours (37000)","robots":{"index":"index","follow":"follow","max-snippet":"max-snippet:-1","max-image-preview":"max-image-preview:large","max-video-preview":"max-video-preview:-1"},"canonical":"https:\/\/kamservice.fr\/index.php\/mentions-legales\/","og_locale":"fr_FR","og_type":"article","og_title":"Mentions l\u00e9gales - KamService","og_description":"Bienvenue sur le site de Kamservice, l\u2019expertise informatique au service de votre m\u00e9tier, sur les zones de Langeais (37130) et Tours (37000)","og_url":"https:\/\/kamservice.fr\/index.php\/mentions-legales\/","og_site_name":"KamService","article_modified_time":"2025-09-02T08:58:37+00:00","twitter_card":"summary_large_image","twitter_misc":{"Dur\u00e9e de lecture estim\u00e9e":"3 minutes"},"schema":{"@context":"https:\/\/schema.org","@graph":[{"@type":"WebPage","@id":"https:\/\/kamservice.fr\/index.php\/mentions-legales\/","url":"https:\/\/kamservice.fr\/index.php\/mentions-legales\/","name":"Mentions l\u00e9gales - KamService","isPartOf":{"@id":"https:\/\/kamservice.fr\/#website"},"datePublished":"2025-08-25T09:25:12+00:00","dateModified":"2025-09-02T08:58:37+00:00","description":"Bienvenue sur le site de Kamservice, l\u2019expertise informatique au service de votre m\u00e9tier, sur les zones de Langeais (37130) et Tours (37000)","breadcrumb":{"@id":"https:\/\/kamservice.fr\/index.php\/mentions-legales\/#breadcrumb"},"inLanguage":"fr-FR","potentialAction":[{"@type":"ReadAction","target":["https:\/\/kamservice.fr\/index.php\/mentions-legales\/"]}]},{"@type":"BreadcrumbList","@id":"https:\/\/kamservice.fr\/index.php\/mentions-legales\/#breadcrumb","itemListElement":[{"@type":"ListItem","position":1,"name":"Accueil","item":"https:\/\/kamservice.fr\/"},{"@type":"ListItem","position":2,"name":"Mentions l\u00e9gales"}]},{"@type":"WebSite","@id":"https:\/\/kamservice.fr\/#website","url":"https:\/\/kamservice.fr\/","name":"KamService","description":"","potentialAction":[{"@type":"SearchAction","target":{"@type":"EntryPoint","urlTemplate":"https:\/\/kamservice.fr\/?s={search_term_string}"},"query-input":{"@type":"PropertyValueSpecification","valueRequired":true,"valueName":"search_term_string"}}],"inLanguage":"fr-FR"}]}},"_links":{"self":[{"href":"https:\/\/kamservice.fr\/index.php\/wp-json\/wp\/v2\/pages\/51","targetHints":{"allow":["GET"]}}],"collection":[{"href":"https:\/\/kamservice.fr\/index.php\/wp-json\/wp\/v2\/pages"}],"about":[{"href":"https:\/\/kamservice.fr\/index.php\/wp-json\/wp\/v2\/types\/page"}],"author":[{"embeddable":true,"href":"https:\/\/kamservice.fr\/index.php\/wp-json\/wp\/v2\/users\/1"}],"replies":[{"embeddable":true,"href":"https:\/\/kamservice.fr\/index.php\/wp-json\/wp\/v2\/comments?post=51"}],"version-history":[{"count":4,"href":"https:\/\/kamservice.fr\/index.php\/wp-json\/wp\/v2\/pages\/51\/revisions"}],"predecessor-version":[{"id":82,"href":"https:\/\/kamservice.fr\/index.php\/wp-json\/wp\/v2\/pages\/51\/revisions\/82"}],"wp:attachment":[{"href":"https:\/\/kamservice.fr\/index.php\/wp-json\/wp\/v2\/media?parent=51"}],"curies":[{"name":"wp","href":"https:\/\/api.w.org\/{rel}","templated":true}]}}